7*c + 2320 = 0. Let g = -165 + c. What are the prime factors of g?
5
Let y(z) = 66*z - 3. Let q be y(3). List the prime factors of q/10 - (-1)/2.
2, 5
Let d = 119 + 25. Suppose d = 25*a - 21*a. List the prime factors of a.
2, 3
List the prime factors of 2 - 28/(-4) - -2473.
2, 17, 73
Suppose 12*t = -0*t + 1296. List the prime factors of t.
2, 3
Suppose -693 - 1941 = -6*m. List the prime factors of m.
439
Suppose m - 6*m + 15 = 0. Let l be ((4 + -4)/m)/(-3). Let y = l - -25. What are the prime factors of y?
5
Let a = 10 - 7. Let f(i) = 9*i**2 + 3*i. Let n be f(a). Suppose -2*k = k - n. List the prime factors of k.
2, 3, 5
Let i(z) = -7*z - 22. Let b(j) = -j**2 + 11*j + 17. Let u be b(12). Suppose u*p + 64 = 24. What are the prime factors of i(p)?
2, 17
Let r(h) = 24*h**2 + h. Let v(w) = -95*w**2 - 4*w - 1. Let c(i) = 9*r(i) + 2*v(i). Let o(j) = -2*j - 3. Let y be o(-2). What are the prime factors of c(y)?
5
Suppose 0*i = -3*a - i + 501, 5*i - 321 = -2*a. Let f = -117 + a. List the prime factors of f.
3, 17
List the prime factors of 4 - (-4)/((-16)/(-1524)).
5, 7, 11
Let j(d) be the first derivative of d**4/4 + 10*d**3/3 + 5*d**2 + 16*d - 22. List the prime factors of j(-9).
7
Suppose -4*z + 4 = -20. Suppose -z*n + 48 = -4*n. What are the prime factors of n?
2, 3
Suppose z - 1024 = 4*h + 3*z, -4*z - 1032 = 4*h. Let r = -121 - h. What are the prime factors of r?
7, 19
Let t = 30 - 25. Suppose 4 = -4*b - g, -b + 0*b - 22 = -t*g. List the prime factors of (5/b)/(2/(-16)).
2, 5
Let o be -4*((-15)/(-6))/(-1). Suppose d - 3*v = 30, 0 = 2*d - d + v - o. List the prime factors of d.
3, 5
What are the prime factors of (32/(-48))/((-1)/1317)?
2, 439
Let a(l) = 2*l + 10. Let y be 28/(-12)*3*-1. What are the prime factors of a(y)?
2, 3
Let i(w) = -w**3 + 2. Let z be i(0). Suppose 4*k - 226 = -5*g, -4*k + z*g + 31 = -181. Suppose -5*r + k + 31 = 0. List the prime factors of r.
17
Let c = 22 + -20. Let z(b) = c + 3*b - 6 - 10 + 2*b**2 + 0*b. List the prime factors of z(-6).
2, 5
Let q(j) be the first derivative of 5 + 10*j + 1/2*j**2. List the prime factors of q(7).
17
Suppose -l = -84 + 10. Suppose 0 = -2*x + 26 + l. List the prime factors of x.
2, 5
Suppose -6*m + 4439 + 5167 = 0. What are the prime factors of m?
1601
Let g(y) = y + 2. Let m be 4/((-12)/(-9)) - 2. Let j be g(m). Suppose -j*o + 112 = -2*l, 0*o - o = 2*l - 40. List the prime factors of o.
2, 19
Suppose 0 = 13*g - 10*g - 855. Suppose 20*w - g = 15*w. List the prime factors of w.
3, 19
List the prime factors of (9747/(-18)*2)/(0 + -1).
3, 19
Let j be (-2)/((40/12)/(-5)). Suppose j*a - a - 152 = 0. List the prime factors of a.
2, 19
Let h be (-2)/4*-1*224/(-14). Let a(s) = 3*s**2 + 3*s. What are the prime factors of a(h)?
2, 3, 7
Let r(l) = -16*l**3 + 3*l**2 - 2*l + 6. List the prime factors of r(-4).
2, 3, 181
Suppose -13*b + 6276 = -7*b. What are the prime factors of b?
2, 523
Let w be ((-10)/35)/((-2)/42). Suppose 5*j + 15 = 0, -j = 3*n - w*j - 27. Suppose 0*s - n*s = -172. List the prime factors of s.
43
Let w = -251 - -270. What are the prime factors of w?
19
Suppose -4*f + 3*b + 432 = 0, 2*f = -31*b + 33*b + 214. List the prime factors of f.
3, 37
Let q be (-4)/(-16)*2*-6. Let u = q - -20. List the prime factors of u/4 - (-3)/4.
5
Suppose 6*u = 2*u. Suppose -4*w + 0*w + 436 = u. Suppose -r - 39 = -o, -3*r = -3*o - 2*r + w. What are the prime factors of o?
5, 7
Suppose 0 = -4*g + g + 120. Let j = g - 26. List the prime factors of j.
2, 7
Let r = -48 + 63. Let s = 47 + r. List the prime factors of s.
2, 31
Suppose -2*u - u + 12 = 0. Suppose 3*r - 3*v + 7 = -2*r, -u*r + v = 0. Let q(c) = 20*c**2 + c - 1. What are the prime factors of q(r)?
2, 5
Suppose -465*w = -475*w + 31810. List the prime factors of w.
3181
Suppose 5*j = 2*j - 3*b + 1521, 0 = 2*b + 4. List the prime factors of j.
509
Suppose -5*h = 3*y - 5, 0 = 2*h - 3*y - 10 - 13. Let c(i) = -5*i + 4*i - 3 + h*i - 5*i. List the prime factors of c(-6).
3
Let y(t) = -21*t - 27. List the prime factors of y(-9).
2, 3
Let k be ((-24)/32)/(2/8). Let m be (-17)/k - 6/9. Suppose m*y + 5*f = 210, 0 = -7*y + 3*y - 2*f + 172. List the prime factors of y.
2, 11
Let t be 2/13 + (-44)/(-52). Let g = 20 + t. List the prime factors of g.
3, 7
Let c(f) be the first derivative of 1/4*f**4 + 2*f**2 + 8 - 2*f**3 + 4*f. List the prime factors of c(6).
2, 7
Let k be (-8)/(-4) - (-22 + -1). Suppose -20*s = -k*s + 735. What are the prime factors of s?
3, 7
Let o(x) = 27*x + 3. Let q(y) = -28*y - 3. Let n(g) = 3*o(g) + 2*q(g). What are the prime factors of n(2)?
53
Let c(v) = 18*v**3 + 2*v**2 + 18*v - 19. List the prime factors of c(6).
4049
Let l be -18*((-16)/6)/2. Suppose 2*p - 92 - l = 0. What are the prime factors of p?
2, 29
Let w(g) = -16*g + 2. Let o be w(-10). List the prime factors of o/3 + -4 - -4.
2, 3
Let y(r) = -r**2 + 94*r - 20. What are the prime factors of y(24)?
2, 5, 83
Let v = 2022 - 453. List the prime factors of v.
3, 523
Let g = -152 - -247. What are the prime factors of g?
5, 19
Let c be (34/2)/((-1)/(-96)). What are the prime factors of (c/5)/4 + (-3)/5?
3
Suppose -w + 1 = -9. Let k = 31 + w. List the prime factors of k.
41
Suppose 6 = -65*g + 62*g, 0 = -4*a + 2*g + 16220. List the prime factors of a.
2, 2027
Let a = 30 + -25. Suppose a*w = 2*y - 74, 3*w + 70 = 3*y - y. What are the prime factors of y?
2
Let x(w) = -w**2 + 1. Let c(s) = -77*s**2 - s - 5. Let m(d) = -c(d) - 3*x(d). What are the prime factors of m(-1)?
3
Suppose -k - 12 = -4*k. Suppose -g = k*i + 128, -3*i + i - 4*g - 64 = 0. List the prime factors of (8 + -7)*(1 - i).
3, 11
Let y = -1106 - -2925. What are the prime factors of y?
17, 107
Let k = -361 + 510. Let a = k + -32. List the prime factors of a.
3, 13
Suppose 5*l + 126 = o, 3*l + 74 = 4*o - 3*o. Let n = 48 + l. Suppose -n = -4*c + 58. List the prime factors of c.
2, 5
Let q(j) be the third derivative of j**6/360 - j**5/60 - j**4/6 + j**3/3 - 4*j**2. Let f(v) be the first derivative of q(v). List the prime factors of f(7).
31
Let l(t) be the first derivative of 73*t**2 + 4*t + 14. List the prime factors of l(1).
2, 3, 5
Suppose -b + 3*w = -64, 3*b - 2*w - 117 - 40 = 0. Suppose -4*r - 8*y - 2383 = -3*y, -2*r - 1189 = 3*y. List the prime factors of 2/(-7) - r/b.
2, 3
Suppose 0 = -0*x - 5*x + 2*r + 22, -2*x - 3*r = -24. Let j be 42/(-35)*(-40)/x. Suppose 0*i - 3*h - 4 = -5*i, -i + 5*h - j = 0. List the prime factors of i.
2
Let v(w) = -2*w + 2. Let r be v(3). Let k(f) = 4*f**2 + 7*f + 5. Let p be k(r). Let n = -29 + p. List the prime factors of n.
2, 3
Suppose -66 = 3*n + 51. Let i = 27 + n. Let m = 58 + i. What are the prime factors of m?
2, 23
Let b(n) = 2*n + 1. Let s be b(1). Suppose -z + 12 = 2*x - 4, 5*x + 37 = s*z. Let f = z - -2. List the prime factors of f.
2
Let x be 3 + 2 + 14/(-2). Let s be 3*(5 - (0 + x)). Suppose -51 = -3*u - s. What are the prime factors of u?
2, 5
Let f(y) be the first derivative of -3 + 2*y + 13/2*y**2. List the prime factors of f(2).
2, 7
Let q(b) = -b + 18. Suppose -k + 2*z = -2*k + 18, 5*z + 20 = 4*k. Let h be q(k). Suppose h = -3*r + 5*r. What are the prime factors of r?
2
Suppose 0 = -8*m + 79 - 31. What are the prime factors of -3*4/(-36) + 190/m?
2
Let r be 1 + -1 + 3 + 28. Let o(m) = -1 + 4 - r*m + 27*m. What are the prime factors of o(-3)?
3, 5
Suppose z + 23 = 3*u - 0, -5*u = -z - 21. Let t = -19 - z. What are the prime factors of t?
7
Let v(r) be the third derivative of 2*r**5/15 - r**4/6 + r**3/2 + 2*r**2 + 1. Let p(x) = x**3 - 4*x**2 + x - 2. Let c be p(4). List the prime factors of v(c).
3
Let q = 34 + -19. Suppose -q = 3*c, 3*h = -0*h + 4*c + 32. What are the prime factors of (-139)/(-3) + h/(-12)?
2, 23
Suppose -t = -0 + 3. Let n be t - (2 + 0 + 2). Let s = n - -13. What are the prime factors of s?
2, 3
Let j(o) = -4*o - 5*o + 5*o - 6 + 3*o. Let b be j(-9). Suppose -200 = -b*m + 4*s, -2*m + 32 = s - 94. What are the prime factors of m?
2
Let k(o) = -o**3 + 15*o**2 + 18. Let n = -2 + 17. What are the prime factors of k(n)?
2, 3
What are the prime factors of -4 - (1*62)/(38/(-114))?
2, 7, 13
What are the prime factors of 12/(-16) + 10/((-160)/(-61628))?
3851
Let s(h) = 125*h**2 - h. Let z be s(1). Suppose 0*n + z = 2*n. What are the prime factors of n?
2, 31
Let a = 67